{"id":70,"date":"2026-04-19T00:16:29","date_gmt":"2026-04-19T00:16:29","guid":{"rendered":"https:\/\/eduproex.ufes.br\/?page_id=70"},"modified":"2026-04-19T00:22:50","modified_gmt":"2026-04-19T00:22:50","slug":"baixe-aqui-a-sua-obra","status":"publish","type":"page","link":"https:\/\/eduproex.ufes.br\/?page_id=70","title":{"rendered":"Sobre a Editora"},"content":{"rendered":"\n<p class=\"has-foreground-color has-background-background-color has-text-color has-background has-link-color wp-elements-7ef545fb2b7bce8f88632b0a5aaf594c\">A Editora da Pr\u00f3-Reitoria de Extens\u00e3o (PROEX\/UFES) \u00e9 uma iniciativa institucional dedicada \u00e0 produ\u00e7\u00e3o, circula\u00e7\u00e3o e divulga\u00e7\u00e3o de conhecimentos oriundos das a\u00e7\u00f5es de extens\u00e3o universit\u00e1ria, tanto no \u00e2mbito interno da UFES quanto em di\u00e1logo com a sociedade. Seu prop\u00f3sito \u00e9 consolidar um sistema editorial qualificado, comprometido com a democratiza\u00e7\u00e3o do saber e com a valoriza\u00e7\u00e3o das pr\u00e1ticas extensionistas.<\/p>\n\n\n\n<p class=\"has-foreground-color has-background-background-color has-text-color has-background has-link-color wp-elements-e7298bd1a813d5f97b1ef5fb9f2e364b\">A editora atua em todas as etapas do processo editorial, desde o recebimento e sele\u00e7\u00e3o de originais at\u00e9 a avalia\u00e7\u00e3o t\u00e9cnica e acad\u00eamica, revis\u00e3o, editora\u00e7\u00e3o, diagrama\u00e7\u00e3o, design gr\u00e1fico e publica\u00e7\u00e3o, em formatos impressos e digitais. Trata-se de um espa\u00e7o estruturado para garantir qualidade, rigor e acessibilidade \u00e0s produ\u00e7\u00f5es vinculadas \u00e0 extens\u00e3o.Com car\u00e1ter multidisciplinar e colaborativo, a Editora da PROEX\/UFES integra diferentes \u00e1reas do conhecimento, reunindo estudantes, docentes e profissionais de campos como Design, Letras, Comunica\u00e7\u00e3o Social, Artes, Educa\u00e7\u00e3o, Ci\u00eancias Humanas e Sociais Aplicadas, entre outros. Essa articula\u00e7\u00e3o promove uma atua\u00e7\u00e3o interdisciplinar alinhada \u00e0s diretrizes do ensino, pesquisa e extens\u00e3o, ao mesmo tempo em que fortalece a forma\u00e7\u00e3o pr\u00e1tica dos envolvidos.<\/p>\n\n\n\n<p class=\"has-foreground-color has-background-background-color has-text-color has-background has-link-color wp-elements-c558743ada40fa389c63e573189c85e9\">Com car\u00e1ter multidisciplinar e colaborativo, a Editora da PROEX\/UFES integra diferentes \u00e1reas do conhecimento, reunindo estudantes, docentes e profissionais de campos como Design, Letras, Comunica\u00e7\u00e3o Social, Artes, Educa\u00e7\u00e3o, Ci\u00eancias Humanas e Sociais Aplicadas, entre outros. Essa articula\u00e7\u00e3o promove uma atua\u00e7\u00e3o interdisciplinar alinhada \u00e0s diretrizes do ensino, pesquisa e extens\u00e3o, ao mesmo tempo em que fortalece a forma\u00e7\u00e3o pr\u00e1tica dos envolvidos.<\/p>\n\n\n\n<p class=\"has-foreground-color has-background-background-color has-text-color has-background has-link-color wp-elements-cd4fbdbe9d753b160f7b5b143a8f6e0e\">A editora publica livros, cartilhas, manuais, cadernos tem\u00e1ticos, infogr\u00e1ficos e outros materiais did\u00e1ticos e informativos, abordando temas relevantes como educa\u00e7\u00e3o popular, sa\u00fade coletiva, direitos humanos, cultura, meio ambiente, tecnologias sociais, inclus\u00e3o e desenvolvimento sustent\u00e1vel. Seus produtos priorizam o acesso aberto e gratuito, ampliando o alcance junto a p\u00fablicos externos, institui\u00e7\u00f5es parceiras e diferentes segmentos da sociedade.<\/p>\n\n\n\n<p class=\"has-foreground-color has-background-background-color has-text-color has-background has-link-color wp-elements-cd4fbdbe9d753b160f7b5b143a8f6e0e\">A editora publica livros, cartilhas, manuais, cadernos tem\u00e1ticos, infogr\u00e1ficos e outros materiais did\u00e1ticos e informativos, abordando temas relevantes como educa\u00e7\u00e3o popular, sa\u00fade coletiva, direitos humanos, cultura, meio ambiente, tecnologias sociais, inclus\u00e3o e desenvolvimento sustent\u00e1vel. Seus produtos priorizam o acesso aberto e gratuito, ampliando o alcance junto a p\u00fablicos externos, institui\u00e7\u00f5es parceiras e diferentes segmentos da sociedade.<\/p>\n\n\n\n<p class=\"has-foreground-color has-background-background-color has-text-color has-background has-link-color wp-elements-5b0b27c17d28705dc9ebac306373dba1\">De car\u00e1ter estrat\u00e9gico e transversal, a Editora da PROEX\/UFES contribui para a divulga\u00e7\u00e3o, valoriza\u00e7\u00e3o e institucionaliza\u00e7\u00e3o das a\u00e7\u00f5es de extens\u00e3o em todas as \u00e1reas do conhecimento. Ao dar visibilidade \u00e0s iniciativas desenvolvidas pela comunidade universit\u00e1ria em intera\u00e7\u00e3o com a sociedade, fortalece o compromisso social da universidade p\u00fablica e amplia o impacto do conhecimento produzido em contextos reais.<\/p>\n\n\n\n<p class=\"has-foreground-color has-background-background-color has-text-color has-background has-link-color wp-elements-ef4b3fd62396086a7e04a01acd633a23\">Al\u00e9m disso, ao qualificar tecnicamente a produ\u00e7\u00e3o editorial \u2014 por meio de processos especializados de curadoria, revis\u00e3o e design \u2014 a editora eleva o padr\u00e3o das publica\u00e7\u00f5es extensionistas, assegurando consist\u00eancia, clareza e relev\u00e2ncia social. Dessa forma, consolida-se como um instrumento fundamental para a democratiza\u00e7\u00e3o do conhecimento, o fortalecimento da extens\u00e3o universit\u00e1ria e a promo\u00e7\u00e3o de transforma\u00e7\u00f5es sociais significativas.<\/p>\n","protected":false},"excerpt":{"rendered":"<p>A Editora da Pr\u00f3-Reitoria de Extens\u00e3o (PROEX\/UFES) \u00e9 uma iniciativa institucional dedicada \u00e0 produ\u00e7\u00e3o, circula\u00e7\u00e3o e divulga\u00e7\u00e3o de conhecimentos oriundos das a\u00e7\u00f5es de extens\u00e3o universit\u00e1ria, tanto no \u00e2mbito interno da UFES quanto em di\u00e1logo com a sociedade. Seu prop\u00f3sito \u00e9 consolidar um sistema editorial qualificado, comprometido com a democratiza\u00e7\u00e3o do saber e com a valoriza\u00e7\u00e3o [&hellip;]<\/p>\n","protected":false},"author":1,"featured_media":0,"parent":0,"menu_order":0,"comment_status":"closed","ping_status":"closed","template":"","meta":{"footnotes":""},"class_list":["post-70","page","type-page","status-publish","hentry"],"_links":{"self":[{"href":"https:\/\/eduproex.ufes.br\/index.php?rest_route=\/wp\/v2\/pages\/70","targetHints":{"allow":["GET"]}}],"collection":[{"href":"https:\/\/eduproex.ufes.br\/index.php?rest_route=\/wp\/v2\/pages"}],"about":[{"href":"https:\/\/eduproex.ufes.br\/index.php?rest_route=\/wp\/v2\/types\/page"}],"author":[{"embeddable":true,"href":"https:\/\/eduproex.ufes.br\/index.php?rest_route=\/wp\/v2\/users\/1"}],"replies":[{"embeddable":true,"href":"https:\/\/eduproex.ufes.br\/index.php?rest_route=%2Fwp%2Fv2%2Fcomments&post=70"}],"version-history":[{"count":3,"href":"https:\/\/eduproex.ufes.br\/index.php?rest_route=\/wp\/v2\/pages\/70\/revisions"}],"predecessor-version":[{"id":73,"href":"https:\/\/eduproex.ufes.br\/index.php?rest_route=\/wp\/v2\/pages\/70\/revisions\/73"}],"wp:attachment":[{"href":"https:\/\/eduproex.ufes.br\/index.php?rest_route=%2Fwp%2Fv2%2Fmedia&parent=70"}],"curies":[{"name":"wp","href":"https:\/\/api.w.org\/{rel}","templated":true}]}}